ivisor of p and i?
54
Suppose 0 = 12*j - 11*j + 281. Let t = 341 + j. Calculate the greatest common divisor of t and 240.
60
Let v(w) = -w**3 + 44*w**2 - 46*w - 200. Let y be v(34). Calculate the highest common factor of 158 and y.
158
Suppose 0 = 4*i + 4*g - 664, -7*i = -8*i - 2*g + 161. Let f = 346 - i. What is the greatest common factor of f and 21?
7
Suppose 2*l + 3*m - 2900 = -2867, 2*m = 4*l - 74. Suppose -2*w + 5*w - 36 = 0. What is the highest common factor of w and l?
6
Let a(j) = 9*j**2 - 129*j + 12. Let r be a(-8). Calculate the highest common divisor of r and 50.
10
Suppose -1056 = -24*z - 288. What is the greatest common factor of 380 and z?
4
Suppose -6*f = -0*f - 12. Suppose 72 = n + f*n. Suppose 6*h = 8*h - 12. Calculate the greatest common factor of n and h.
6
Let p(i) be the second derivative of i**3/6 - 5*i**2/2 + 2*i. Let w be p(9). Suppose -80 = 3*o - 83. Calculate the highest common divisor of o and w.
1
Suppose 0 = 7*a - 5*a + 2, -3*w + 3*a = -528. Calculate the greatest common divisor of w and 1225.
175
Suppose -4*y - 147 = -483. Suppose 1052 = 7*i + 72. What is the greatest common divisor of i and y?
28
Let a be ((-6)/4)/((-12)/8). Let y = 10 - a. Suppose y*l - 11*l = -64. What is the greatest common divisor of l and 80?
16
Let m(s) = 5*s + 57. Let z be m(-11). Suppose w + 9 + z = 0. Let a be w/((-165)/80)*30/8. Calculate the highest common factor of a and 10.
10
Suppose -4*m - 11*m + 10528 = m. What is the greatest common factor of 126 and m?
14
Suppose 0 = -26*f + 23*f + 339. Let c = f - 18. Let j = 99 - c. What is the greatest common factor of 2 and j?
2
Suppose -3*v + 589 = g, -2*g = v - 50*g - 148. Let h = -21 + 77. Suppose 3*d - d = h. Calculate the highest common divisor of d and v.
28
Suppose 6*i = 10*i - 20. Suppose -363 = -5*a - y, -i*y = -3*a + 101 + 100. Suppose 4*d - a = 84. What is the greatest common divisor of 351 and d?
39
Suppose -46*b = 5210 - 26968. What is the greatest common factor of 731 and b?
43
Let d(z) = z**3 - 23*z**2 + 45*z - 58. Let c be (21/(-4))/((-111)/444). Let y be d(c). Calculate the highest common divisor of y and 55.
5
Suppose 15*a - 22*a - 16*a + 207 = 0. Suppose 0 = t + 2*t - 18. Calculate the highest common factor of t and a.
3
Suppose -6*v + 804 + 340 = 16*v. Calculate the highest common divisor of v and 5174.
26
Let o be 9 + -2*(-1)/2. Let b(a) = 6*a**2 - a - 1. Let f be b(-1). Let v = o - f. Calculate the highest common divisor of v and 2.
2
Suppose 3*w = 3*m - 0*w - 24, 2*m - 41 = -3*w. Let q(u) = -4*u - 70. Let y be q(-5). Let z = -37 - y. What is the greatest common divisor of m and z?
13
Let j be -125*687/(-45) + (-2)/6. Calculate the highest common factor of j and 36.
36
Let c = -633 - -652. Suppose 21*f - 126 = c*f. What is the greatest common divisor of 45 and f?
9
Suppose 290*x - 376*x + 1634 = 0. What is the highest common factor of x and 6859?
19
Let z = 32524 - 21484. What is the greatest common factor of z and 180?
60
Let n be -1*(-3 - 0) - -78. Suppose -92 - 61 = -17*o. What is the highest common factor of o and n?
9
Suppose 14*k + 14*k - 1296 = 19*k. What is the highest common divisor of 330 and k?
6
Let z(a) = -68*a + 32. Let k be z(-24). What is the greatest common divisor of 78 and k?
26
Suppose -1249*z + 3344 = -1227*z. Suppose -11*c + 5*c + 342 = 0. What is the highest common divisor of c and z?
19
Let r be 117/15 - (3 - (-48)/(-15)). Let q = 42 + r. Calculate the greatest common divisor of 450 and q.
50
Let l be (-29203)/(-177) + (-228)/(-20178). Suppose 0 = -0*f + f - 45. Calculate the highest common divisor of l and f.
15
Let u be (-48034)/(-3577) - (2 - (-18)/(-7)). What is the greatest common divisor of u and 318?
2
Let g = -148 + 379. Suppose 2*m + 46*y - 41*y = 254, 2*y + 4 = 0. Calculate the highest common factor of m and g.
33
Let o be -3*2/(-12)*4. Suppose 0 = k + 4*y - 24, o*y = -k + 10 + 4. Let b be 954/36 + 3/(-8)*-4. What is the highest common factor of b and k?
4
Suppose -67 + 118 = -23*v + 74. Calculate the highest common factor of v and 41.
1
Suppose 714 = 3*z - 2*z. Let r be 1 + ((-15)/(-2))/((-259)/140 + 2). What is the highest common factor of r and z?
51
Suppose q = 876 - 872. What is the greatest common factor of 188 and q?
4
Let h = 139 - 117. Suppose h*m + 542 = 1598. Calculate the greatest common divisor of m and 384.
48
Suppose 3*v = -3*d + 75, -198*v + 47 = 2*d - 197*v. Calculate the greatest common factor of 40 and d.
2
Let l(o) = o**3 + 17*o**2 - 32*o - 1016. Let u be l(-14). What is the highest common factor of u and 7235?
5
Let a = -1 + 2. Let m(x) = 2*x**2 + x - 1. Let y be m(a). Let s(r) = -5*r**2 - 764*r + 163. Let g be s(-153). What is the greatest common divisor of g and y?
2
Suppose 3*s - 19*s = 144. Let f(t) = 2*t**3 + 18*t**2 - 9*t + 34. Let a be f(s). Suppose 0*i - 3*i = -69. Calculate the highest common factor of i and a.
23
Suppose 0 = 46*s - 44*s - 466. Suppose -264*c = -s*c - 217. Calculate the highest common divisor of 161 and c.
7
Let b = -99 + 124. Let r be b + (24/(-36))/(4/(-18)). Calculate the highest common divisor of 49 and r.
7
Suppose 56*h - 59*h = -279. Let w = -42 + h. Suppose 2*l = 52 - 18. Calculate the greatest common divisor of w and l.
17
Let x(j) = 70*j**2 - 21*j + 68. Let c be x(4). Suppose -59*v - c = -5*m - 58*v, -m = -5*v - 240. Calculate the highest common factor of m and 132.
44
Let o be 301545/150 - 33/110. Calculate the greatest common factor of 110 and o.
10
Suppose -13*o + 35*o - 16214 = 0. What is the greatest common factor of o and 110?
11
Suppose -334 - 216 = -11*a. Suppose -7*s = -120 + a. What is the greatest common factor of 1630 and s?
10
Suppose -4*o - 1800 = -4*d, -5*o + 667 = 2*d - 254. Let f = -431 + d. What is the greatest common divisor of f and 77?
11
Suppose 31*g = 27*g + 100. Suppose g*y - 333 = 242. Calculate the greatest common factor of y and 115.
23
Suppose 3*j + 2*l - 140 = 0, -4*j - l = -32 - 148. Suppose -6*s - j = -10*s. Let a be (-178 - -2)/(-2) - 0. What is the highest common factor of a and s?
11
Let j = 57 + -61. Let g(c) = -c**3 - 2*c**2 + 7*c + 6. Let b be g(j). Calculate the greatest common factor of 30 and b.
10
Suppose -84*v + 1611948 = -v + 67899. Calculate the highest common factor of 117 and v.
117
Suppose -4*x = -3*r - 6803, -149*x + 3399 = -147*x + r. Calculate the greatest common factor of 180 and x.
20
Suppose -840 = -4*u - 4*u. Suppose 141*t = 126*t + u. What is the highest common divisor of t and 469?
7
Suppose 0 = -40*g + 584 - 1238 + 854. Suppose -17 = -3*h + 4*h. Let j = 27 + h. What is the highest common divisor of g and j?
5
Suppose 7*k - 9*k - 1566 = -5*k. What is the highest common divisor of k and 324?
18
Suppose 4*b - 4712 = -2*y, -19*b + 1212 = -18*b - 8*y. Calculate the highest common factor of b and 10.
10
Let c(m) = -59*m**3 + 8*m**2 + m - 6. Let h be c(-3). Suppose 123*j + h = 129*j. What is the highest common factor of 36 and j?
12
Let l be 298 + -24 - (-9 - -3). Suppose 0 = 4*w - 4*q - 264, 2*q - 296 = -4*w - 2*q. What is the highest common divisor of w and l?
70
Suppose -3*w = -95*o + 93*o - 6330, 5*o + 10560 = 5*w. What is the greatest common factor of 9 and w?
9
Suppose 5*t + 1178 = -2*i, -5*i + 1 = 21. Let b = t + 271. What is the highest common factor of 37 and b?
37
Let o = -645 - -350. Let b = o - -371. What is the greatest common divisor of 266 and b?
38
Suppose -5*k - 9 = -24. Let p be 3 + 168/(k - -1). Let x = 2 + 13. What is the highest common factor of p and x?
15
Let n = 484 + -330. Suppose -2*y - 15 = 3*y, -4*y + 46 = k. Let z = n - k. What is the highest common factor of z and 32?
32
Let s be ((3377160/117)/4 - 2/13) + -1. What is the highest common factor of s and 585?
195
Let l(i) = -i**3 - 2*i**2 + 2*i + 1. Let a be l(-3). Suppose 97 = a*n - 103. Suppose 71*v - 65*v - 2700 = 0. Calculate the greatest common divisor of n and v.
50
Let i be ((-15)/(-9 + 4))/(-1). Let w be 6/(-4)*64/36*i. Let k be (3 - 0)*(w + 13). What is the greatest common divisor of k and 9?
9
Let n be 4/20 + 714/30. Suppose n*z = 9*z + 1440. Calculate the highest common divisor of 624 and z.
48
Suppose 2*t - 27 = -3*z + 4*z, -4*t - 4*z + 24 = 0. Suppose t*o = 5*o + 36. Let r = -7 + 10. Calculate the greatest common factor of o and r.
3
Su